est common divisor of 162 and v?
54
Let x be (4 - -1)*(-1 + 4). Let h(r) = -r**3 + 15*r**2 + r + 1. Let y be h(x). Calculate the highest common factor of y and 80.
16
Let h be (-1 - 1 - 1) + (-15 - -93). What is the highest common factor of 135 and h?
15
Let k(g) = -4*g - 4. Let m be k(-5). Suppose -46*h - 536 + 592 = -2520. What is the greatest common divisor of m and h?
8
Let p(k) = 5*k - 68. Let r be p(16). Calculate the highest common divisor of r and 444.
12
Let q be 1 + (-120)/(-6) + -3 + -4. Calculate the highest common divisor of 616 and q.
14
Let t(i) = i - 6. Let m be t(11). Suppose -4*q + 3*o = -207, -2*q - m*o + 81 = 10. What is the greatest common factor of 36 and q?
12
Suppose 3*k - 11 = 25. Let n(l) = 12*l. Let p be n(1). Suppose 10*t + p - 42 = 0. What is the highest common factor of k and t?
3
Suppose 27*s + 13 = 40*s. What is the greatest common divisor of 17 and s?
1
Suppose -383 = -2*q + 5*d, q + 2*d = 5*d + 193. What is the greatest common divisor of q and 46?
46
Suppose -n - 2*c = -1477, 2*c + c + 4386 = 3*n. Suppose 0 = 5*u - 2*u + n. Let k be (-4)/(-22) + u/(-33). Calculate the greatest common divisor of k and 6.
3
Let p(n) = 3*n**2 - 2*n + 4. Let w(o) = -4*o**3 - o + 1. Suppose d = 5*d - 4. Let l be w(d). Let x be p(l). What is the highest common divisor of x and 24?
12
Let k = 198 + -181. What is the greatest common factor of k and 289?
17
Let m(l) = 3*l - 16. Let x be m(10). Suppose -f = f - 140. What is the highest common divisor of f and x?
14
Let r = -14 - -46. Let c be (8/6)/((-3)/(-9)). Calculate the highest common factor of c and r.
4
Let w = 251 - 223. What is the greatest common factor of 16 and w?
4
Suppose 20*y = -5*o + 23*y + 25, -5*y = -4*o + 33. Calculate the highest common factor of 62 and o.
2
Let b = 14 - 8. Suppose -2*p = 2*s + 24, -b*s + 2*p - 60 = -s. Let c be 18 + 5/(20/s). Calculate the greatest common divisor of c and 5.
5
Let s = -25 + 42. Let c = 29 - s. Let q(y) = 132*y**2. Let t be q(-1). Calculate the highest common factor of c and t.
12
Let p(x) = 3*x - 3. Let z be p(6). Let a(c) = c**2 - 17*c + 22. Let w be a(16). Calculate the greatest common factor of z and w.
3
Let f = -346 + 370. Let i(r) = 3*r**2 - 2*r - 2. Let w = -4 + 6. Let s be i(w). What is the greatest common divisor of f and s?
6
Suppose 610 = 40*q - 470. What is the greatest common factor of 2565 and q?
27
Let x = 11 - 8. Suppose -x*r = -9 - 0. Suppose c = 5*j - 88, 2*j + r*c - 28 = c. What is the highest common factor of j and 51?
17
Suppose -2*f + 33 = l, 8*l = 4*l + 2*f + 102. What is the greatest common divisor of l and 153?
9
Let d be 30/(-8) - 30/(-40) - 24. Let r = d + 36. What is the greatest common factor of 3 and r?
3
Let w be (-46 - -43)*((-230)/6 - 2). Calculate the greatest common factor of 3267 and w.
121
Let r be 3/9 - (-38)/3. Suppose -3*f + 4 - r = 5*g, -4*g - 12 = 0. Suppose -187 = -f*z - 61. What is the greatest common factor of z and 9?
9
Let a = -998 + 1463. What is the highest common factor of a and 372?
93
Suppose 0 = -2*u + 31 + 1. Calculate the greatest common divisor of 100 and u.
4
Let q(a) = 100*a + 99*a - 200*a + 16. Let s be q(9). What is the highest common factor of s and 56?
7
Suppose 6*l + 3*i = l + 177, 5*l + i = 179. Suppose -3*x - 4*j + 15 = -12, 45 = 5*x + 5*j. What is the greatest common divisor of l and x?
9
Let s(o) = o + 30. Let i be s(0). Suppose -3*h + 3*a = -90, 0*a - i = -h + 2*a. Calculate the highest common divisor of 20 and h.
10
Suppose -2*p + 3 = -1. Let w be -95*5/((-25)/p). Let h = w - -4. Calculate the highest common divisor of h and 63.
21
Suppose 5*r + 20 = 0, 3*j - 324 = 2*r + 1184. What is the highest common factor of 4 and j?
4
Let g(j) = -j**2 - 36*j + 37. Let p be g(-29). Calculate the greatest common factor of p and 12.
12
Let d be ((-11)/2)/(1*2/(-24)). Let r be 48/18*37 - (-1)/3. What is the highest common divisor of r and d?
33
Suppose -4*i = 4*g - 44, 3*i + 6*g = g + 37. What is the highest common factor of 45 and i?
9
Let f = -56 - -91. Suppose -3*s + 5*s - f = -x, -5*x = -5*s + 95. What is the greatest common factor of s and 42?
6
Suppose -4*z + 0*n - 2*n + 74 = 0, z - 29 = 3*n. Suppose -4*o + 851 - 211 = 0. What is the highest common divisor of o and z?
20
Suppose o - 114 = -3*j, -6*o - 176 = -5*j - 3*o. Suppose -464*z = -432*z - 9472. What is the highest common divisor of j and z?
37
Let q = -89 + 221. Suppose -4*h - 20 = 0, 2*h = -v + 1 - 9. Suppose -5*y - 4*a + q = -6*a, v*y + 4*a = 72. Calculate the highest common divisor of 14 and y.
14
Let l be (-5)/(-35) - 86*(-153)/14. What is the highest common factor of l and 20?
20
Let x(d) = 9*d - 200. Let g be x(43). What is the greatest common factor of g and 33?
11
Let k be (-18)/42 + 76/14 + 5. Calculate the greatest common factor of k and 55.
5
Suppose -4371 = -39*u - 8*u. Let c(d) = -d**3 + 6*d**2 + d + 1. Let n be c(5). Calculate the greatest common factor of u and n.
31
Let y be 618/39 + 4 + 350/(-91). What is the highest common divisor of y and 9?
1
Let c(g) = g**2 - 13*g - 36. Let k be c(18). What is the highest common divisor of k and 81?
27
Let b(y) = -5*y + 62. Let c be b(8). Calculate the highest common factor of 352 and c.
22
Let f(d) = -d**3 + 7*d**2 - 4*d - 8. Let r be f(6). Suppose -r*t = 34 - 94. Let i = 29 - t. What is the highest common divisor of i and 42?
14
Let r(x) be the third derivative of -13*x**4/24 - 11*x**3/3 - x**2. Let f be r(-10). What is the highest common factor of f and 12?
12
Let q = -30 - -30. Let c = 2 - q. Let g be ((-4)/(-3))/((-4)/(-66)). What is the highest common divisor of g and c?
2
Suppose -4*l = 5*j - 778, 4*j + l - 787 = -j. Suppose 5*a + m = -42 + 225, 5*m = 4*a - j. What is the highest common divisor of a and 333?
37
Let v = 35 + -21. Suppose -v = 3*a - 5*a. Let h be 11 - (3 - (a - 0)). What is the greatest common factor of 10 and h?
5
Suppose -109 = -6*o - 37. Let l = -108 + 109. What is the highest common divisor of l and o?
1
Let r(l) = -4*l**2 + 66*l - 30. Let d be r(16). What is the highest common divisor of d and 84?
2
Suppose f = -3*f + 4. Let q = 2 - f. Let l be q/5 - 439/(-5). What is the highest common factor of 11 and l?
11
Let d be (-4)/(-2)*(154/(-4) - 2). Let o = 84 + d. What is the highest common divisor of 3 and o?
3
Let t(j) = j**2 + 76*j - 435. Let w be t(6). What is the greatest common factor of w and 1064?
19
Let h = 10 - 5. Suppose k - h*k = 0. Suppose 0 = -k*f - 4*f + 32. What is the highest common divisor of 20 and f?
4
Let s be (-138)/92 - (2 + (-513)/2). What is the greatest common divisor of s and 23?
23
Let o be (3*-23)/(12/(-4)). Suppose -19*y + o*y = 28. What is the highest common factor of 77 and y?
7
Suppose -5*n + 919 = -s, 11*n - 899 = 6*n - 4*s. What is the highest common divisor of n and 61?
61
Let s(x) = x**3 - 21*x**2 + 3*x - 9. Let m be s(21). Let f be 12*(-12)/m*33/(-4). What is the highest common factor of f and 154?
22
Let s be ((-24)/4)/(-2) - 6. Let a = s + 7. Suppose 0 = -a*f + h + 38, 4*f + 5*h = -3 + 29. Calculate the greatest common divisor of f and 63.
9
Let h = 170 - 106. Calculate the greatest common divisor of 416 and h.
32
Let c(w) = 130*w**2 + 25 + 19 - 129*w**2. Let v be c(0). Calculate the greatest common divisor of v and 33.
11
Let h be 0 - 1*(-1 + -2). Let z = 20 + h. Suppose 0 = 2*w + 3*m - 40 - 159, 3*w + 3*m = 291. Calculate the highest common divisor of z and w.
23
Let v(d) = -8*d. Let f be v(-1). Let u be (61 - (-108)/18) + -11. What is the greatest common divisor of f and u?
8
Let t be 4/(-3)*(2 - -1). Let q be (41 - (-8)/(-2)) + t. Suppose 5*k - 19 = 4*k - g, -5*g + 51 = 3*k. Calculate the highest common divisor of k and q.
11
Let y(l) = 19*l**2 - 20*l - 37. Let n be y(-2). What is the greatest common factor of 1027 and n?
79
Suppose -w + 72 - 9 = 0. Let m = 4 - -3. What is the greatest common factor of m and w?
7
Let z be (-155*5/5)/(9/(-18)). Calculate the highest common factor of z and 20.
10
Let k be 19/2 - (-1)/2. Suppose 129 = 2*u + 5*l - 86, u - 14*l = 190. Calculate the greatest common divisor of k and u.
10
Let s = -305 - -66. Let l be s/(-4) - 5/(-20). Suppose 40*p = 35*p + l. What is the highest common factor of 36 and p?
12
Let o(b) = 2*b**2 + 8*b + 14. Let n be o(-4). What is the gr